 + 6. Let u be 2/z*132/3. Let y = 26 - u. Calculate the remainder when 5 is divided by y.
1
What is the remainder when ((-6)/(-14))/((5 + -4)/469) is divided by 59?
24
Suppose 117 - 249 = -6*t. Let w = -13 + 23. Calculate the remainder when t is divided by w.
2
Let j(n) = -n**3 - 4*n**2 - 2*n + 2. Let a = 3 + 0. Suppose -3*h - 4*o = -99, -2*o + 3 = -a*o. Calculate the remainder when h is divided by j(-4).
7
Calculate the remainder when 845 is divided by -1*3/((-21)/742).
103
Let j = 66 - 61. Suppose -5*y + 656 = 4*s - 0*s, 0 = -j*s - 5. What is the remainder when y is divided by 34?
30
Suppose -n + 126 = 3*p - 7*p, 4*n = -p + 487. Calculate the remainder when n is divided by 31.
29
Let j(w) = w - 7. Let a be j(0). Let y(i) = 5*i + 0*i + 2*i - 15*i**2 + 11 + 23*i**2 + i**3. Calculate the remainder when y(a) is divided by 4.
3
Calculate the remainder when 112 is divided by 602/301 + (74/1)/2.
34
Let g(v) = -2*v**2 + 27*v + 49. What is the remainder when g(14) is divided by 2?
1
Suppose 22 = 2*v + 2*x, -2*x - 24 = -5*v + 24. Suppose -i - v = -1. What is the remainder when 9 + i/(27/12) is divided by 3?
2
Let d = -45 - -58. Suppose -28 + 12 = -2*c. Calculate the remainder when d is divided by c.
5
Let r(b) = 101*b**2 - 5*b + 9. Let q be r(2). Suppose -q = -4*w - 143. Calculate the remainder when w is divided by 11.
10
Suppose d = -3*u + 188, -3*u - 65 = -4*d - 243. Let n(j) = -j**3 - j**2 + j + 10. Let b be n(3). Let s = -7 - b. Calculate the remainder when u is divided by s.
14
Let z be (-2)/(-7) + 0 + 6/(-21). Suppose 3*g - 40 - 8 = z. What is the remainder when 42 is divided by g?
10
Let l(g) = -g + 12. Let o = 22 - 39. Calculate the remainder when 144 is divided by l(o).
28
Suppose 0 = -67*n + 44*n + 713. What is the remainder when 77 is divided by n?
15
Suppose -j - 3 = -r, -j - 4*r + 9*r + 9 = 0. Let i = -6 - j. What is the remainder when (i - -2)*(-61)/(-2) is divided by 16?
13
Let c(y) = -3*y**3 + 6*y - 2. Let n be c(-3). Let l = n - 1. Calculate the remainder when l is divided by 16.
12
Suppose 16*r = 6*r. Suppose 2*y + r*s - 120 = -3*s, y + 4*s = 50. Calculate the remainder when y is divided by 34.
32
Suppose -6*a = a. Suppose -2*o + 4*p = 2*o - 272, 4*o - 3*p - 275 = a. Suppose -47 = -3*t + 7. What is the remainder when o is divided by t?
17
Let s = -19 + 34. Suppose 5*r - k = 152, -3*r - 2*r = k - 148. Suppose -84 = -9*u - r. What is the remainder when s is divided by u?
3
Suppose 5*p - 6*p - 6 = 0. Let g be ((-8)/p)/((-9)/837). Let z = -75 - g. Calculate the remainder when z is divided by 25.
24
Let n be ((-2)/(-6))/(1/24). Let a be (-68)/16 + (-6)/n. Let i = a + 12. Calculate the remainder when 12 is divided by i.
5
Calculate the remainder when -45*(-28)/21*1 is divided by 33.
27
Let z = 43 - 28. Suppose 19*x - 40 = z*x. Suppose x = 2*a + 3*i, 2*i = a - 0*i + 2. What is the remainder when a is divided by 1?
0
Let q = -1 + 2. Let r be q/(2*1/104). Calculate the remainder when 2124/r + 8/52 is divided by 14.
13
Suppose 4*c + 20 = 9*c, -4*g + 2*c + 1116 = 0. What is the remainder when g is divided by 26?
21
Let f(h) = h**2 + h. Suppose 38*z - 286 = 25*z. Calculate the remainder when z is divided by f(-4).
10
Suppose -2*y - 3*y + 15 = 0. Suppose 0 = f - 1, a - y*f - 16 = 7. Calculate the remainder when 50 is divided by a.
24
Let u = -737 + 826. Let a(y) = y**3 + 7*y**2 + 7*y + 3. What is the remainder when u is divided by a(-5)?
17
Let i be ((-33)/4)/(57/(-76)). Suppose -i*t + 18 = -8*t. What is the remainder when 9 is divided by t?
3
Suppose -5*l + 112 = 5*o - 4*o, -4*o - 5*l = -493. Calculate the remainder when o is divided by 27.
19
Let f = -165 + 160. Calculate the remainder when 0 + 2 + (1 + f)*-3 is divided by 9.
5
Let h = 293 + -273. Let f(q) = 3*q - 5. Calculate the remainder when h is divided by f(4).
6
Let u(h) = -h**2 - 16*h - 21. Suppose 18*r - 30 = -282. What is the remainder when 40 is divided by u(r)?
5
Let h(n) = -2*n**2 + 13*n + 8. Calculate the remainder when 364 is divided by h(3).
16
Let m = 29 - 16. Let t(v) = -11*v + 29. Let c be t(3). What is the remainder when m is divided by c/(2/6*-3)?
1
What is the remainder when (-31 - -32)*(0/(-1) + 71) is divided by 18?
17
Let i = -292 + 328. What is the remainder when 85 is divided by i?
13
Let h(i) = -i**3 - 5*i**2 - 2*i - 4. Let o be -11 - -7 - (0 + 1). What is the remainder when h(o) is divided by 2?
0
Suppose 16 = -4*j, j = x + 2*j + 22. Suppose -5*l + 91 = y + y, 5*y - 5*l - 140 = 0. Let o = x + y. Calculate the remainder when o is divided by 8.
7
Suppose 5 = -4*f + 5*f. Let i be f/(-10)*(-3 - -11). Calculate the remainder when (-1940)/(-75) - i/30 is divided by 14.
12
Suppose 13 = -10*h - 147. What is the remainder when 95 is divided by (-171)/(-38)*h/(-6)?
11
Let z = 1254 - 1016. Calculate the remainder when z is divided by 24.
22
Suppose -2*c - 65 = -3*w + 2*w, 170 = -5*c + 4*w. Calculate the remainder when (c/12)/(10/(-8)) is divided by 1.
0
Let r(f) = 2*f**2 + f - 4. Let j(c) = c**2 - 5*c - 51. Calculate the remainder when j(15) is divided by r(3).
14
Let o = 504 - 339. Calculate the remainder when 484 is divided by o.
154
Suppose -2*s - 4 = -22. Suppose 0 = 4*u - 5*k, k = 5*u + 2*k - 29. Suppose u*n - 16 = 14. Calculate the remainder when s is divided by n.
3
Let m = -865 - -941. Calculate the remainder when m is divided by 65.
11
Let a = -293 - -319. Calculate the remainder when a is divided by 5.
1
Let q be 3/2 + 297/18. Suppose 16*m - 62 = q. What is the remainder when 24 is divided by m?
4
What is the remainder when (-7812)/(-162) + 4/(-18) is divided by 5?
3
Suppose 17*x + 272 = 34*x. Calculate the remainder when 556 is divided by x.
12
Suppose -5*l + 21 = -119. Suppose 2*i - i - j = -43, 3*j - 43 = i. Let u = 126 + i. What is the remainder when u is divided by l?
27
Suppose g - 8 = h + 20, 5*g = h + 160. What is the remainder when g is divided by 9?
6
Let r(h) = -h**2 - 6*h - 5. Let o be r(-5). Let p be (o - -8)*1/(-2). Calculate the remainder when 19 is divided by (9 - 7)*(-14)/p.
5
Calculate the remainder when 174 is divided by (4/3)/(152/6726).
56
Suppose 0 = -8*q + 1 + 15. Suppose -q*a + 51 = a. Calculate the remainder when 82 is divided by a.
14
Suppose 20*x - 360 = 8*x. Let b(r) = -88*r**3 + 2*r + 1. Calculate the remainder when b(-1) is divided by x.
27
Suppose -4*l = g - 505, -17*l + 16*l + 2*g = -115. What is the remainder when 263 is divided by l?
13
Suppose -2*b - 7 + 1 = 0, -3*f + 2*b + 18 = 0. Suppose f*x = x + 72. Calculate the remainder when x/28*(-7)/(-2) is divided by 3.
0
Let x be 25/2*18/9. Suppose x = -2*a + 11. Let c = 11 - a. What is the remainder when 70 is divided by c?
16
Suppose -l - 3 = 4*w + w, -11 = -3*l + 5*w. Suppose -3*x + 194 = x + l*a, 5*a + 127 = 2*x. Calculate the remainder when x is divided by 13.
12
Suppose q - 6*q - 2*z = -45, -2*z = 10. Let j = 110 - 68. Suppose 0*f + f - 84 = -4*l, 2*l - j = 3*f. Calculate the remainder when l is divided by q.
10
Let m be (-7)/((-21)/2)*-21. Let f(d) = d + 39. What is the remainder when 73 is divided by f(m)?
23
Let l(x) = -104*x**2 + x. Let u be l(1). Let c = -56 - u. Let y = c + -16. Calculate the remainder when y is divided by 16.
15
Suppose 5*h + 119 - 759 = 0. Suppose 5*w - 210 + 19 = 3*l, l = 5*w - 197. Calculate the remainder when w is divided by h/9 + (-6)/27.
12
Suppose -4*k = 0, -2*p = -k + 5*k - 236. What is the remainder when p is divided by 20?
18
Let g(j) = j**2 - 11*j - 3. Let u be g(10). Let h = u - -13. Calculate the remainder when 54 is divided by (-4 + -15)*(h - 1).
16
Let q(z) = 19*z**2 + 2*z. Suppose -3*f + 7 = -0*b - b, 0 = -4*b - f - 2. What is the remainder when 67 is divided by q(b)?
16
Let h = -14 + 18. Calculate the remainder when 12*(1 + 0) - h is divided by 6.
2
Suppose 0*r - 2*r - 2 = -3*x, 0 = 3*x - 4*r + 2. What is the remainder when 348/20*(8 - 6/x) is divided by 46?
41
Let u(x) = -2*x**3 + 12*x**2 - x - 11. Let n(t) = -3*t**3 + 13*t**2 - 12. Let z(h) = -3*n(h) + 4*u(h). What is the remainder when z(-7) is divided by 11?
8
Let h(b) = b**3 + 6*b**2 - 9*b. Let k be h(-7). Suppose k*t + 164 = 18*t. What is the remainder when t is divided by 22?
19
Let d(t) = 41*t + 842. Calculate the remainder when d(-13) is divided by 82.
63
Suppose 3*x + 3*y = 2*y